
True
Is 18779 prime?
False
Is 420731 prime?
True
Is 28319 a prime number?
True
Is 30367 prime?
True
Is 1454909 prime?
False
Is 6197 composite?
False
Is 95291 a prime number?
False
Is 16661 a composite number?
False
Is 23531 prime?
True
Is 870847 composite?
False
Is 6173 a composite number?
False
Is 866813 prime?
False
Is 18663 a composite number?
True
Is 234203 composite?
False
Is 99689 a composite number?
False
Is 473789 composite?
False
Is 18589 composite?
True
Is 2819 a prime number?
True
Is 10033 prime?
False
Is 4735 composite?
True
Is 4035989 a composite number?
False
Is 462459 a prime number?
False
Is 1176313 prime?
False
Is 28963 composite?
True
Is 180617 a prime number?
True
Is 179317 a composite number?
False
Is 872351 prime?
True
Is 119285 a prime number?
False
Is 582223 composite?
False
Is 5431 composite?
False
Is 179161 a composite number?
False
Is 43379 prime?
False
Is 4103 prime?
False
Is 368497 a composite number?
True
Is 787 a composite number?
False
Is 487177 a composite number?
False
Is 3635 a composite number?
True
Is 552223 a composite number?
True
Is 1251157 a prime number?
True
Is 9901 a prime number?
True
Is 7261 a composite number?
True
Is 5591 a prime number?
True
Is 8081 composite?
False
Is 291931 a composite number?
True
Is 23501 prime?
False
Is 17011 prime?
True
Is 158959 composite?
False
Is 53527 a prime number?
True
Is 3350047 a prime number?
False
Is 27667 a prime number?
False
Is 4673 composite?
False
Is 156161 a prime number?
False
Is 482309 a composite number?
False
Is 88511 prime?
False
Is 23915 a prime number?
False
Is 599231 prime?
True
Is 5191 a prime number?
False
Is 29329 a prime number?
False
Is 128099 prime?
True
Is 284897 composite?
False
Is 25391 composite?
False
Is 120619 composite?
False
Is 48727 composite?
True
Is 4103 prime?
False
Is 966653 composite?
False
Is 29221 composite?
False
Is 32059 a prime number?
True
Is 383314 composite?
True
Is 899999 prime?
False
Is 1546801 prime?
False
Is 188563 a composite number?
False
Is 250919 prime?
True
Is 26591 a prime number?
True
Is 90313 a prime number?
True
Is 18623 prime?
False
Is 138017 a composite number?
True
Is 2603 prime?
False
Is 1591 composite?
True
Is 119659 a composite number?
False
Is 133303 a prime number?
True
Is 59795 a prime number?
False
Is 196817 composite?
False
Is 1055 prime?
False
Is 356387 a composite number?
False
Is 267617 a prime number?
False
Is 190207 a prime number?
True
Is 79213 prime?
False
Is 184901 composite?
False
Is 9383 a prime number?
False
Is 10821 composite?
True
Is 4889 a prime number?
True
Is 96137 composite?
False
Is 7349 composite?
False
Is 129959 prime?
True
Is 6449 a composite number?
False
Is 1041971 composite?
True
Is 359111 prime?
True
Is 1744851 prime?
False
Is 11179 a prime number?
False
Is 139679 a prime number?
False
Is 40633 prime?
False
Is 2858 prime?
False
Is 14243 prime?
True
Is 2466199 a prime number?
False
Is 5509 a prime number?
False
Is 1326133 a composite number?
False
Is 53147 prime?
True
Is 162103 a composite number?
True
Is 210623 a composite number?
True
Is 181087 a prime number?
True
Is 9722 composite?
True
Is 25021 composite?
True
Is 341191 composite?
False
Is 1530593 a composite number?
True
Is 5663 a prime number?
False
Is 1205803 a composite number?
True
Is 64067 prime?
True
Is 62587 composite?
True
Is 148091 a composite number?
False
Is 5471 a composite number?
False
Is 22303 composite?
False
Is 52795 prime?
False
Is 310141 a prime number?
False
Is 33137 a prime number?
False
Is 4007 prime?
True
Is 19523 a composite number?
True
Is 162145 a composite number?
True
Is 153377 a prime number?
False
Is 7729 a prime number?
False
Is 543551 a composite number?
False
Is 492011 composite?
True
Is 11021 a composite number?
True
Is 10817 composite?
True
Is 22091 a prime number?
True
Is 8173 prime?
False
Is 2117 a prime number?
False
Is 124211 a composite number?
True
Is 61781 prime?
True
Is 10259 a prime number?
True
Is 565711 prime?
False
Is 334999 a composite number?
True
Is 10723 a prime number?
True
Is 105457 a composite number?
True
Is 7079 composite?
False
Is 3147 composite?
True
Is 197081 a prime number?
False
Is 112537 a composite number?
True
Is 190129 prime?
True
Is 35413 a composite number?
True
Is 418667 prime?
True
Is 1782901 composite?
False
Is 53182 prime?
False
Is 12622 composite?
True
Is 350411 a composite number?
False
Is 4619 a composite number?
True
Is 675781 a prime number?
True
Is 878701 a prime number?
False
Is 28693 a prime number?
False
Is 118501 a prime number?
False
Is 27349 a prime number?
False
Is 11269 a composite number?
True
Is 8521 a prime number?
True
Is 8791 a composite number?
True
Is 84499 a prime number?
True
Is 853 a prime number?
True
Is 193637 a prime number?
False
Is 10397 prime?
False
Is 207821 a prime number?
True
Is 554213 a prime number?
False
Is 75659 prime?
True
Is 859 a prime number?
True
Is 77641 a composite number?
False
Is 11 a prime number?
True
Is 191377 prime?
False
Is 101681 a composite number?
False
Is 7499 a prime number?
True
Is 50789 a prime number?
True
Is 57037 a composite number?
False
Is 2171 a prime number?
False
Is 2129 a composite number?
False
Is 48157 a composite number?
False
Is 50491 a prime number?
False
Is 23659 composite?
True
Is 14369 a prime number?
True
Is 11734 a composite number?
True
Is 23245 composite?
True
Is 398537 a composite number?
True
Is 499 a composite number?
False
Is 34511 a composite number?
False
Is 467399 composite?
False
Is 159667 composite?
False
Is 200773 composite?
True
Is 604319 prime?
True
Is 2212235 composite?
True
Is 1093931 composite?
True
Is 334027 composite?
True
Is 811939 a composite number?
True
Is 19937 a prime number?
True
Is 2633 composite?
False
Is 18592283 a prime number?
True
Is 573 composite?
True
Is 1901 a prime number?
True
Is 280277 a prime number?
True
Is 2839 composite?
True
Is 148817 a prime number?
True
Is 8311 a prime number?
True
Is 2950693 prime?
False
Is 46957 a prime number?
True
Is 4267 composite?
True
Is 739 composite?
False
Is 32885 a prime number?
False
Is 53987 prime?
True
Is 799807 prime?
True
Is 159173 prime?
False
Is 550513 prime?
True
Is 14591 prime?
True
Is 23251 a composite number?
False
Is 3109 composite?
False
Is 226991 a prime number?
True
Is 422689 a composite number?
False
Is 1039 a composite number?
False
Is 4139801 prime?
True
Is 537146 a prime number?
False
Is 1123 a composite number?
False
Is 425254 prime?
False
Is 24746 composite?
True
Is 124919 a composite number?
False
Is 7411 prime?
True
Is 19547 a composite number?
True
Is 163249 a composite number?
False
Is 20095 a composite number?
True
Is 82757 composite?
False
Is 12287 a prime number?
False
Is 398207 a prime number?
True
Is 17617 prime?
False
Is 469 prime?
False
Is 60811 a prime number?
True
Is 132049 prime?
True
Is 240131 prime?
True
Is 22822 a composite number?
True
Is 1735211 a prime number?
True
Is 49519 a composite number?
True
Is 19643 prime?
False
Is 45433 a composite number?
False
Is 853 composite?
False
Is 271961 a prime number?
False
Is 14903 prime?
False
Is 143123 prime?
False
Is 35753 a composite number?
False
Is 73471 composite?
False
Is 13001 prime?
True
Is 255985 prime?
False
Is 38431 a prime number?
True
Is 23929 composite?
False
Is 21929 prime?
True
Is 98309 composite?
True
Is 25617 prime?
False
Is 29353 prime?
False
Is 1509 composite?
True
Is 91009 prime?
True
Is 216157 a prime number?
True
Is 9521 a prime number?
True
Is 15259 composite?
False
Is 12281 prime?
True
Is 12471 prime?
False
Is 128897 a prime number?
False
Is 5997 a prime number?
False
Is 10357 a prime number?
True
Is 20074 a prime number?
False
Is 1769327 composite?
True
Is 20783 a composite number?
True
Is 9722 a composite number?
True
Is 1655 a prime number?
False
Is 24593 a composite number?
False
Is 30757 prime?
True
Is 104977 a prime number?
False
Is 324293 a prime number?
True
Is 137023 a prime number?
False
Is 245561 composite?
False
Is 210473 a composite number?
True
Is 11143 prime?
False
Is 10541 prime?
False
Is 9131 a composite number?
True
Is 242807 prime?
True
Is 13129 a prime number?
False
Is 38851 a prime number?
True
Is 10903 a composite number?
False
Is 2479 prime?
False
Is 34679 prime?
True
I